site?
True
Is 25313177167 a composite number?
False
Is 3885050209 composite?
True
Is 502384121 a composite number?
True
Is 26167745489 composite?
True
Is 649619389 a prime number?
False
Is 32824003943 composite?
True
Is 14115797821 a composite number?
True
Is 14013741761 prime?
True
Is 114617910503 a composite number?
True
Is 15792440047 prime?
False
Is 81974579 a composite number?
False
Is 103908358357 prime?
False
Is 377696987 a prime number?
True
Is 3350572529 composite?
False
Is 14044426867 a composite number?
False
Is 39721404191 composite?
True
Is 408611612645 prime?
False
Is 1830999913 a composite number?
True
Is 36445056638 a prime number?
False
Is 1439869619 a composite number?
True
Is 47917353481 composite?
False
Is 24129692831 a composite number?
False
Is 754276579 composite?
True
Is 136904657 prime?
False
Is 55902839479 prime?
True
Is 20799607441 composite?
True
Is 24641227 prime?
False
Is 590353937 composite?
False
Is 96555271 a prime number?
False
Is 10022926313 a prime number?
False
Is 2564410921 composite?
True
Is 52777765709 a composite number?
False
Is 746960777 composite?
False
Is 6404341731 a composite number?
True
Is 32133823 prime?
False
Is 28138922659 prime?
True
Is 362157444931 composite?
False
Is 2807708507 a composite number?
True
Is 13082407433 a composite number?
True
Is 164790260065 a prime number?
False
Is 10502189003 a prime number?
True
Is 13467187933 a composite number?
True
Is 99822105157 composite?
False
Is 8728750291 prime?
False
Is 97514926 composite?
True
Is 11546585713 a composite number?
True
Is 2458164151 a composite number?
False
Is 2917414021 prime?
True
Is 31356965531 composite?
True
Is 2286114763 a prime number?
False
Is 43035124021 composite?
True
Is 98221382023 a prime number?
False
Is 146211379 a prime number?
False
Is 68738454913 a prime number?
True
Is 915069487 composite?
True
Is 305026123 a composite number?
False
Is 333661979177 a prime number?
True
Is 30116944673 prime?
True
Is 18283429823 a composite number?
False
Is 5195576147 a composite number?
False
Is 5849284211 a composite number?
False
Is 802791191 composite?
False
Is 359736019 a composite number?
False
Is 4684418269 a prime number?
True
Is 123753711973 composite?
False
Is 11951842557 prime?
False
Is 86453775521 composite?
False
Is 5691433777 a prime number?
False
Is 12734860319 a prime number?
True
Is 12203215901 prime?
False
Is 8176349131 a prime number?
True
Is 2633987227 prime?
True
Is 11463601673 composite?
False
Is 114907163551 a composite number?
False
Is 7922186543 a composite number?
True
Is 187266373387 composite?
False
Is 2140535861 prime?
True
Is 77451817031 a composite number?
False
Is 12496280527 a composite number?
False
Is 436290551 a composite number?
False
Is 6865514269 a composite number?
False
Is 20029066786 prime?
False
Is 24166519099 a prime number?
False
Is 2699506181 composite?
False
Is 7324881041 a prime number?
True
Is 1741540759 a composite number?
True
Is 42556188551 composite?
True
Is 4042414741 a composite number?
False
Is 10895636831 composite?
True
Is 24117632939 a composite number?
False
Is 27765211169 composite?
True
Is 557776829 prime?
True
Is 2103164447 composite?
False
Is 64503331 prime?
True
Is 4254493429 composite?
True
Is 9418383907 composite?
True
Is 72269463989 composite?
True
Is 8237292365 composite?
True
Is 1077120647 prime?
True
Is 129561683 a composite number?
False
Is 32014730893 composite?
False
Is 4206836479 a prime number?
True
Is 6167488945 composite?
True
Is 6469731257 composite?
True
Is 13911300807 composite?
True
Is 1152869233 a composite number?
False
Is 424776587 a composite number?
True
Is 1234691195 prime?
False
Is 52550567 prime?
False
Is 716734223 prime?
True
Is 5063293497 composite?
True
Is 7295673563 a prime number?
False
Is 38722423 a composite number?
False
Is 6225402097 a prime number?
True
Is 324324097 composite?
False
Is 341389213 prime?
False
Is 55876354561 a prime number?
True
Is 80100812683 prime?
True
Is 337890467 prime?
True
Is 20078824687 composite?
True
Is 5392003199 prime?
False
Is 346494061 a composite number?
False
Is 14296803179 composite?
False
Is 690498493 prime?
False
Is 1298236889 prime?
False
Is 616013779 prime?
True
Is 602303357 a composite number?
False
Is 5680221377 a prime number?
True
Is 2136292859 composite?
True
Is 941002967 a prime number?
True
Is 40588467189 composite?
True
Is 15511073531 a composite number?
True
Is 11127938749 prime?
True
Is 1242339113 composite?
True
Is 1511614957 a composite number?
False
Is 15226230259 a prime number?
False
Is 3319194107 a prime number?
True
Is 3428010293 prime?
False
Is 715916099 prime?
True
Is 4133866197 prime?
False
Is 12096217477 prime?
False
Is 20426271277 a prime number?
False
Is 2850183979 a composite number?
True
Is 502488787 a prime number?
True
Is 398398057 a prime number?
True
Is 1266418271 composite?
False
Is 2779480447 prime?
True
Is 972826573 composite?
True
Is 68221249 a prime number?
False
Is 5763770637 prime?
False
Is 20625189173 composite?
True
Is 2477932741 a prime number?
False
Is 44966453869 composite?
True
Is 41527505479 composite?
True
Is 7069622123 a prime number?
True
Is 6270188927 a prime number?
False
Is 3875930239 a composite number?
False
Is 2015578177 a composite number?
False
Is 339372629 a prime number?
False
Is 5167768343 prime?
True
Is 1387005439 a prime number?
True
Is 526805099 composite?
False
Is 3298789607 prime?
True
Is 34373335 prime?
False
Is 1080342701 a composite number?
False
Is 981936223 composite?
False
Is 5999033101 a composite number?
True
Is 4139495791 prime?
False
Is 10218703007 a composite number?
True
Is 6874076071 composite?
False
Is 24426341 a composite number?
True
Is 4972819013 a prime number?
False
Is 572611219 prime?
False
Is 220772244949 a composite number?
True
Is 105546070651 a composite number?
True
Is 128185978559 a prime number?
False
Is 957468301 a composite number?
False
Is 613219457 a prime number?
False
Is 688021969 a prime number?
True
Is 1858430515 prime?
False
Is 3105725999 prime?
True
Is 1641543213 a prime number?
False
Is 500452049 composite?
False
Is 1083483803 a composite number?
False
Is 325148543 a composite number?
False
Is 869457481 prime?
True
Is 10388033641 a prime number?
True
Is 14812731121 a prime number?
True
Is 205860120065 composite?
True
Is 872112173 composite?
False
Is 6975148529 composite?
False
Is 742891829 a composite number?
False
Is 159172459 composite?
False
Is 6709447861 prime?
True
Is 7753620403 prime?
False
Is 32908546007 a prime number?
True
Is 46069210819 a prime number?
False
Is 61458497553 a prime number?
False
Is 49931197111 composite?
False
Is 1830684829 composite?
False
Is 231157909 a composite number?
False
Is 6054930493 composite?
False
Is 3741340271 a prime number?
False
Is 289255651 composite?
False
Is 47049276349 a prime number?
True
Is 684116629 a composite number?
True
Is 34010154023 a prime number?
False
Is 8550568903 a prime number?
False
Is 2863388527 a prime number?
True
Is 1289432567 a prime number?
False
Is 9806342999 a composite number?
True
Is 1059709033 prime?
True
Is 1516753109 a prime number?
False
Is 913346807 composite?
False
Is 771318311 a prime number?
True
Is 789141281 a composite number?
True
Is 4016925721 composite?
False
Is 1537239349 a prime number?
True
Is 106661825063 a prime number?
True
Is 815879081 prime?
False
Is 16938359677 a prime number?
True
Is 6526869497 a composite number?
False
Is 4981792577 composite?
True
Is 9569719667 a prime number?
False
Is 38779393 prime?
True
Is 129962471 a composite number?
False
Is 3608934415 a composite number?
True
Is 118481097034 a composite number?
True
Is 16118003453 a composite number?
False
Is 3503992289 composite?
True
Is 32565889847 a prime number?
True
Is 1334956171 prime?
True
Is 398373977 composite?
True
Is 13574518439 composite?
False
Is 7648346011 a composite number?
False
Is 453060989 prime?
True
Is 318483541 prime?
True
Is 39623092127 prime?
True
Is 296472149 composite?
False
Is 780193129 prime?
False
Is 227339061701 a composite number?
False
Is 1052844209 a composite number?
True
Is 13344521759 a prime number?
True
Is 42337916597 prime?
True
Is 5419766147 prime?
False
Is 2301157709 a composite number?
True
Is 126301